{"id":118,"date":"2022-09-01T11:41:30","date_gmt":"2022-09-01T11:41:30","guid":{"rendered":"https:\/\/beautyesthetics.ch\/?page_id=118"},"modified":"2024-09-05T11:20:48","modified_gmt":"2024-09-05T11:20:48","slug":"microblading","status":"publish","type":"page","link":"https:\/\/beautyesthetics.ch\/?page_id=118","title":{"rendered":"Microblading"},"content":{"rendered":"\n<h2 class=\"wp-block-heading has-text-align-center\"><strong>Microblading &#8211; volle, nat\u00fcrliche Augenbrauen<\/strong><\/h2>\n\n\n\n<h2 class=\"wp-block-heading has-text-align-center\">Microblading ist eine permanente, manuelle Pigmentiermethode. Mit den sogenannten Blades, k\u00f6nnen feinste H\u00e4rchen in der Haut nachgebildet werden. Durch oberfl\u00e4chliches und schonendes Arbeiten erm\u00f6glichen sie nat\u00fcrlich wirkende Ergebnisse.<\/h2>\n\n\n<div class=\"wp-block-image\">\n<figure class=\"aligncenter size-large\"><img loading=\"lazy\" decoding=\"async\" width=\"1024\" height=\"683\" src=\"https:\/\/beautyesthetics.ch\/wp-content\/uploads\/2022\/09\/AdobeStock_323452332-1024x683.jpeg\" alt=\"\" class=\"wp-image-119\" srcset=\"https:\/\/beautyesthetics.ch\/wp-content\/uploads\/2022\/09\/AdobeStock_323452332-1024x683.jpeg 1024w, https:\/\/beautyesthetics.ch\/wp-content\/uploads\/2022\/09\/AdobeStock_323452332-300x200.jpeg 300w, https:\/\/beautyesthetics.ch\/wp-content\/uploads\/2022\/09\/AdobeStock_323452332-768x512.jpeg 768w, https:\/\/beautyesthetics.ch\/wp-content\/uploads\/2022\/09\/AdobeStock_323452332-1536x1024.jpeg 1536w, https:\/\/beautyesthetics.ch\/wp-content\/uploads\/2022\/09\/AdobeStock_323452332-2048x1365.jpeg 2048w\" sizes=\"auto, (max-width: 767px) 89vw, (max-width: 1000px) 54vw, (max-width: 1071px) 543px, 580px\" \/><\/figure>\n<\/div>\n\n\n<h2 class=\"wp-block-heading has-text-align-center\">Unsere laborgepr\u00fcften Pigmente zeichnen sich durch eine eisenoxid- und schwermetallfreie Rezeptur aus, was sie besonders farbstabil und vertr\u00e4glich macht. F\u00fcr ein m\u00f6glichst realistisches Behandlungsergebnis besitzen die Pigmente eine hohe Farbdichte und eine breite Palette an nat\u00fcrlichen Braunt\u00f6nen.<\/h2>\n\n\n\n<h2 class=\"wp-block-heading has-text-align-center\">Ich berate dich KOSTENLOS! \u2013 Lass dich von mir unverbindlich beraten. Gerne nehme ich mir Zeit, deine pers\u00f6nlichen Anliegen zu besprechen.<\/h2>\n\n\n\n<hr class=\"wp-block-separator has-alpha-channel-opacity\"\/>\n\n\n\n<h2 class=\"wp-block-heading has-text-align-center\"><strong>Preise<\/strong><\/h2>\n\n\n\n<h2 class=\"wp-block-heading has-text-align-center\">1. Behandlung Neu inkl. 1 Nachbehandlung CHF 390<\/h2>\n\n\n\n<h2 class=\"wp-block-heading has-text-align-center\">Jede weitere Nachbehandlung CHF 150<\/h2>\n\n\n\n<h2 class=\"wp-block-heading has-text-align-center\">Auffrischen komplette Brauen innerhalb 18 Monaten nach 1. Behandlung CHF 250<br><\/h2>\n","protected":false},"excerpt":{"rendered":"<p>Microblading &#8211; volle, nat\u00fcrliche Augenbrauen Microblading ist eine permanente, manuelle Pigmentiermethode. Mit den sogenannten Blades, k\u00f6nnen feinste H\u00e4rchen in der Haut nachgebildet werden. Durch oberfl\u00e4chliches und schonendes Arbeiten erm\u00f6glichen sie nat\u00fcrlich wirkende Ergebnisse. Unsere laborgepr\u00fcften Pigmente zeichnen sich durch eine eisenoxid- und schwermetallfreie Rezeptur aus, was sie besonders farbstabil und vertr\u00e4glich macht. F\u00fcr ein m\u00f6glichst &hellip; <\/p>\n<p class=\"link-more\"><a href=\"https:\/\/beautyesthetics.ch\/?page_id=118\" class=\"more-link\"><span class=\"screen-reader-text\">\u201eMicroblading\u201c <\/span>weiterlesen<\/a><\/p>\n","protected":false},"author":1,"featured_media":0,"parent":0,"menu_order":0,"comment_status":"closed","ping_status":"closed","template":"","meta":{"_monsterinsights_skip_tracking":false,"_monsterinsights_sitenote_active":false,"_monsterinsights_sitenote_note":"","_monsterinsights_sitenote_category":0,"footnotes":""},"class_list":["post-118","page","type-page","status-publish","hentry"],"aioseo_notices":[],"_links":{"self":[{"href":"https:\/\/beautyesthetics.ch\/index.php?rest_route=\/wp\/v2\/pages\/118","targetHints":{"allow":["GET"]}}],"collection":[{"href":"https:\/\/beautyesthetics.ch\/index.php?rest_route=\/wp\/v2\/pages"}],"about":[{"href":"https:\/\/beautyesthetics.ch\/index.php?rest_route=\/wp\/v2\/types\/page"}],"author":[{"embeddable":true,"href":"https:\/\/beautyesthetics.ch\/index.php?rest_route=\/wp\/v2\/users\/1"}],"replies":[{"embeddable":true,"href":"https:\/\/beautyesthetics.ch\/index.php?rest_route=%2Fwp%2Fv2%2Fcomments&post=118"}],"version-history":[{"count":2,"href":"https:\/\/beautyesthetics.ch\/index.php?rest_route=\/wp\/v2\/pages\/118\/revisions"}],"predecessor-version":[{"id":304,"href":"https:\/\/beautyesthetics.ch\/index.php?rest_route=\/wp\/v2\/pages\/118\/revisions\/304"}],"wp:attachment":[{"href":"https:\/\/beautyesthetics.ch\/index.php?rest_route=%2Fwp%2Fv2%2Fmedia&parent=118"}],"curies":[{"name":"wp","href":"https:\/\/api.w.org\/{rel}","templated":true}]}}