{"id":12,"date":"2022-08-23T11:10:37","date_gmt":"2022-08-23T11:10:37","guid":{"rendered":"https:\/\/beautyesthetics.ch\/?page_id=12"},"modified":"2026-03-20T14:46:01","modified_gmt":"2026-03-20T14:46:01","slug":"startseite","status":"publish","type":"page","link":"https:\/\/beautyesthetics.ch\/","title":{"rendered":"Willkommen"},"content":{"rendered":"\n<h2 class=\"wp-block-heading has-text-align-center\"><strong>Dein Oster-Glow: Microblading Special bis 11. April 2026<\/strong><\/h2>\n\n\n<div class=\"wp-block-image\">\n<figure class=\"aligncenter size-large\"><img loading=\"lazy\" decoding=\"async\" width=\"1024\" height=\"684\" src=\"https:\/\/beautyesthetics.ch\/wp-content\/uploads\/2026\/03\/ostern-1024x684.jpeg\" alt=\"\" class=\"wp-image-379\" srcset=\"https:\/\/beautyesthetics.ch\/wp-content\/uploads\/2026\/03\/ostern-1024x684.jpeg 1024w, https:\/\/beautyesthetics.ch\/wp-content\/uploads\/2026\/03\/ostern-300x200.jpeg 300w, https:\/\/beautyesthetics.ch\/wp-content\/uploads\/2026\/03\/ostern-768x513.jpeg 768w, https:\/\/beautyesthetics.ch\/wp-content\/uploads\/2026\/03\/ostern-1536x1025.jpeg 1536w, https:\/\/beautyesthetics.ch\/wp-content\/uploads\/2026\/03\/ostern.jpeg 2048w\" sizes=\"auto, (max-width: 767px) 89vw, (max-width: 1000px) 54vw, (max-width: 1071px) 543px, 580px\" \/><\/figure>\n<\/div>\n\n\n<h2 class=\"wp-block-heading has-text-align-center\">Ich vers\u00fcsse dir die Osterfeiertage \u2013 ganz ohne Kalorien! <strong>Mein Oster-Special: Microblading f\u00fcr nur 299.- inkl. Nachbehandlung!<\/strong><\/h2>\n\n\n\n<h2 class=\"wp-block-heading has-text-align-center\">G\u00f6nn dir diesen Fr\u00fchlings-Glow und starte mit perfekt gestylten Brauen in die neue Saison! Jetzt Termin sichern!<\/h2>\n\n\n\n<hr class=\"wp-block-separator has-alpha-channel-opacity\"\/>\n\n\n\n<h2 class=\"wp-block-heading has-text-align-center\"><strong>Modelle gesucht f\u00fcr Nagelmodellage! Neues Set Fullcover oder French CHF 85.-<\/strong> <strong>\/<\/strong> <strong>Auff\u00fcllen CHF 75.-<\/strong><\/h2>\n\n\n\n<h2 class=\"wp-block-heading has-text-align-center\">Mit grosser freude darf ich verk\u00fcnden, dass ich mein Nail-Bereich erweitert habe und Nagelmodellage mit Gel anbiete!<\/h2>\n\n\n<div class=\"wp-block-image\">\n<figure class=\"aligncenter size-full\"><img loading=\"lazy\" decoding=\"async\" width=\"2048\" height=\"2048\" src=\"https:\/\/beautyesthetics.ch\/wp-content\/uploads\/2026\/03\/nails.jpg\" alt=\"\" class=\"wp-image-374\" srcset=\"https:\/\/beautyesthetics.ch\/wp-content\/uploads\/2026\/03\/nails.jpg 2048w, https:\/\/beautyesthetics.ch\/wp-content\/uploads\/2026\/03\/nails-300x300.jpg 300w, https:\/\/beautyesthetics.ch\/wp-content\/uploads\/2026\/03\/nails-1024x1024.jpg 1024w, https:\/\/beautyesthetics.ch\/wp-content\/uploads\/2026\/03\/nails-150x150.jpg 150w, https:\/\/beautyesthetics.ch\/wp-content\/uploads\/2026\/03\/nails-768x768.jpg 768w, https:\/\/beautyesthetics.ch\/wp-content\/uploads\/2026\/03\/nails-1536x1536.jpg 1536w, https:\/\/beautyesthetics.ch\/wp-content\/uploads\/2026\/03\/nails-100x100.jpg 100w\" sizes=\"auto, (max-width: 767px) 89vw, (max-width: 1000px) 54vw, (max-width: 1071px) 543px, 580px\" \/><\/figure>\n<\/div>\n\n\n<h2 class=\"wp-block-heading has-text-align-center\"><strong>Hinweis zur Terminbuchung &#8211; Nagelmodellage<\/strong><\/h2>\n\n\n\n<h2 class=\"wp-block-heading has-text-align-center\">Du kannst <strong>Fullcover<\/strong> oder <strong>French<\/strong> ganz einfach direkt online buchen. M\u00f6chtest du zus\u00e4tzlich ein besonderes Nageldesign? Dann melde dich bitte direkt bei mir (Tel oder Whatsapp 078 786 44 86), damit wir gen\u00fcgend Zeit f\u00fcr dein Wunschdesign einplanen k\u00f6nnen.<\/h2>\n\n\n\n<h2 class=\"wp-block-heading has-text-align-center\">Ich freue mich auf dich!<\/h2>\n\n\n\n<hr class=\"wp-block-separator has-alpha-channel-opacity\"\/>\n\n\n\n<h2 class=\"wp-block-heading has-text-align-center\"><strong>Follow on Instagram @beautyesthetics_cosmeticstudio<\/strong><\/h2>\n\n\n\n<p><\/p>\n","protected":false},"excerpt":{"rendered":"<p>Dein Oster-Glow: Microblading Special bis 11. April 2026 Ich vers\u00fcsse dir die Osterfeiertage \u2013 ganz ohne Kalorien! Mein Oster-Special: Microblading f\u00fcr nur 299.- inkl. Nachbehandlung! G\u00f6nn dir diesen Fr\u00fchlings-Glow und starte mit perfekt gestylten Brauen in die neue Saison! Jetzt Termin sichern! Modelle gesucht f\u00fcr Nagelmodellage! Neues Set Fullcover oder French CHF 85.- \/ Auff\u00fcllen &hellip; <\/p>\n<p class=\"link-more\"><a href=\"https:\/\/beautyesthetics.ch\/\" class=\"more-link\"><span class=\"screen-reader-text\">\u201eWillkommen\u201c <\/span>weiterlesen<\/a><\/p>\n","protected":false},"author":1,"featured_media":0,"parent":0,"menu_order":0,"comment_status":"closed","ping_status":"closed","template":"","meta":{"_monsterinsights_skip_tracking":false,"_monsterinsights_sitenote_active":false,"_monsterinsights_sitenote_note":"","_monsterinsights_sitenote_category":0,"footnotes":""},"class_list":["post-12","page","type-page","status-publish","hentry"],"aioseo_notices":[],"_links":{"self":[{"href":"https:\/\/beautyesthetics.ch\/index.php?rest_route=\/wp\/v2\/pages\/12","targetHints":{"allow":["GET"]}}],"collection":[{"href":"https:\/\/beautyesthetics.ch\/index.php?rest_route=\/wp\/v2\/pages"}],"about":[{"href":"https:\/\/beautyesthetics.ch\/index.php?rest_route=\/wp\/v2\/types\/page"}],"author":[{"embeddable":true,"href":"https:\/\/beautyesthetics.ch\/index.php?rest_route=\/wp\/v2\/users\/1"}],"replies":[{"embeddable":true,"href":"https:\/\/beautyesthetics.ch\/index.php?rest_route=%2Fwp%2Fv2%2Fcomments&post=12"}],"version-history":[{"count":51,"href":"https:\/\/beautyesthetics.ch\/index.php?rest_route=\/wp\/v2\/pages\/12\/revisions"}],"predecessor-version":[{"id":380,"href":"https:\/\/beautyesthetics.ch\/index.php?rest_route=\/wp\/v2\/pages\/12\/revisions\/380"}],"wp:attachment":[{"href":"https:\/\/beautyesthetics.ch\/index.php?rest_route=%2Fwp%2Fv2%2Fmedia&parent=12"}],"curies":[{"name":"wp","href":"https:\/\/api.w.org\/{rel}","templated":true}]}}