{"id":152,"date":"2022-09-20T14:41:35","date_gmt":"2022-09-20T14:41:35","guid":{"rendered":"https:\/\/beautyesthetics.ch\/?page_id=152"},"modified":"2025-09-29T09:20:34","modified_gmt":"2025-09-29T09:20:34","slug":"lashbrowlift","status":"publish","type":"page","link":"https:\/\/beautyesthetics.ch\/?page_id=152","title":{"rendered":"Lash&#038;BrowLift"},"content":{"rendered":"\n<h2 class=\"wp-block-heading has-text-align-center\"><strong>Du w\u00fcnschst dir mehr Schwung und L\u00e4nge in den Wimpern, ohne k\u00fcnstliche Wimpernverl\u00e4ngerung? Hast du Brauenhaare, die einfach nicht an Ort &amp; Stelle bleiben? Dann ist ein Lash oder BrowLift das richtige f\u00fcr dich!<\/strong><\/h2>\n\n\n<div class=\"wp-block-image\">\n<figure class=\"aligncenter size-large\"><img loading=\"lazy\" decoding=\"async\" width=\"1024\" height=\"683\" src=\"https:\/\/beautyesthetics.ch\/wp-content\/uploads\/2022\/09\/AdobeStock_255893457-1024x683.jpg\" alt=\"\" class=\"wp-image-134\" srcset=\"https:\/\/beautyesthetics.ch\/wp-content\/uploads\/2022\/09\/AdobeStock_255893457-1024x683.jpg 1024w, https:\/\/beautyesthetics.ch\/wp-content\/uploads\/2022\/09\/AdobeStock_255893457-300x200.jpg 300w, https:\/\/beautyesthetics.ch\/wp-content\/uploads\/2022\/09\/AdobeStock_255893457-768x512.jpg 768w, https:\/\/beautyesthetics.ch\/wp-content\/uploads\/2022\/09\/AdobeStock_255893457-1536x1025.jpg 1536w, https:\/\/beautyesthetics.ch\/wp-content\/uploads\/2022\/09\/AdobeStock_255893457.jpg 1688w\" sizes=\"auto, (max-width: 767px) 89vw, (max-width: 1000px) 54vw, (max-width: 1071px) 543px, 580px\" \/><\/figure>\n<\/div>\n\n\n<hr class=\"wp-block-separator has-alpha-channel-opacity\"\/>\n\n\n\n<div class=\"wp-block-columns is-layout-flex wp-container-core-columns-is-layout-9d6595d7 wp-block-columns-is-layout-flex\">\n<div class=\"wp-block-column is-layout-flow wp-block-column-is-layout-flow\">\n<h2 class=\"wp-block-heading has-text-align-center\">LashLift simple inkl. Farbe CHF 99<\/h2>\n<\/div>\n\n\n\n<div class=\"wp-block-column is-layout-flow wp-block-column-is-layout-flow\">\n<h2 class=\"wp-block-heading has-text-align-center\">ohne Farbe CHF 85<\/h2>\n<\/div>\n<\/div>\n\n\n\n<div class=\"wp-block-columns is-layout-flex wp-container-core-columns-is-layout-9d6595d7 wp-block-columns-is-layout-flex\">\n<div class=\"wp-block-column is-layout-flow wp-block-column-is-layout-flow\">\n<h2 class=\"wp-block-heading has-text-align-center\">LashBotox inkl. Farbe CHF 115<\/h2>\n<\/div>\n\n\n\n<div class=\"wp-block-column is-layout-flow wp-block-column-is-layout-flow\">\n<h2 class=\"wp-block-heading has-text-align-center\">ohne Farbe CHF 99<\/h2>\n<\/div>\n<\/div>\n\n\n\n<h2 class=\"wp-block-heading has-text-align-center\"><strong>Du liebst dein Lifting und machst die Behandlung \u00f6fters? So empfehlen wir dir die beliebte LashBotox Behandlung, in der den Wimpern oder Brauen zus\u00e4tzlich Vitaminen und reichlich Feuchtigkeit gegeben wird!<\/strong><\/h2>\n\n\n\n<hr class=\"wp-block-separator has-alpha-channel-opacity\"\/>\n\n\n<div class=\"wp-block-image\">\n<figure class=\"aligncenter size-full\"><img loading=\"lazy\" decoding=\"async\" width=\"731\" height=\"666\" src=\"https:\/\/beautyesthetics.ch\/wp-content\/uploads\/2022\/09\/Bildschirmfoto-vom-2022-09-20-16-40-20.png\" alt=\"\" class=\"wp-image-153\" srcset=\"https:\/\/beautyesthetics.ch\/wp-content\/uploads\/2022\/09\/Bildschirmfoto-vom-2022-09-20-16-40-20.png 731w, https:\/\/beautyesthetics.ch\/wp-content\/uploads\/2022\/09\/Bildschirmfoto-vom-2022-09-20-16-40-20-300x273.png 300w\" sizes=\"auto, (max-width: 731px) 100vw, 731px\" \/><\/figure>\n<\/div>\n\n\n<div class=\"wp-block-columns is-layout-flex wp-container-core-columns-is-layout-9d6595d7 wp-block-columns-is-layout-flex\">\n<div class=\"wp-block-column is-layout-flow wp-block-column-is-layout-flow\">\n<h2 class=\"wp-block-heading has-text-align-center\">Browlift simple inkl Farbe CHF 99<\/h2>\n<\/div>\n\n\n\n<div class=\"wp-block-column is-layout-flow wp-block-column-is-layout-flow\">\n<h2 class=\"wp-block-heading has-text-align-center\">ohne Farbe CHF 85<\/h2>\n<\/div>\n<\/div>\n\n\n\n<div class=\"wp-block-columns is-layout-flex wp-container-core-columns-is-layout-9d6595d7 wp-block-columns-is-layout-flex\">\n<div class=\"wp-block-column is-layout-flow wp-block-column-is-layout-flow\">\n<h2 class=\"wp-block-heading has-text-align-center\">Lashbotox Brows inkl. Farbe CHF 115<\/h2>\n<\/div>\n\n\n\n<div class=\"wp-block-column is-layout-flow wp-block-column-is-layout-flow\">\n<h2 class=\"wp-block-heading has-text-align-center\">ohne Farbe CHF 99<\/h2>\n<\/div>\n<\/div>\n","protected":false},"excerpt":{"rendered":"<p>Du w\u00fcnschst dir mehr Schwung und L\u00e4nge in den Wimpern, ohne k\u00fcnstliche Wimpernverl\u00e4ngerung? Hast du Brauenhaare, die einfach nicht an Ort &amp; Stelle bleiben? Dann ist ein Lash oder BrowLift das richtige f\u00fcr dich! LashLift simple inkl. Farbe CHF 99 ohne Farbe CHF 85 LashBotox inkl. Farbe CHF 115 ohne Farbe CHF 99 Du liebst &hellip; <\/p>\n<p class=\"link-more\"><a href=\"https:\/\/beautyesthetics.ch\/?page_id=152\" class=\"more-link\"><span class=\"screen-reader-text\">\u201eLash&#038;BrowLift\u201c <\/span>weiterlesen<\/a><\/p>\n","protected":false},"author":1,"featured_media":0,"parent":0,"menu_order":0,"comment_status":"closed","ping_status":"closed","template":"","meta":{"_monsterinsights_skip_tracking":false,"_monsterinsights_sitenote_active":false,"_monsterinsights_sitenote_note":"","_monsterinsights_sitenote_category":0,"footnotes":""},"class_list":["post-152","page","type-page","status-publish","hentry"],"aioseo_notices":[],"_links":{"self":[{"href":"https:\/\/beautyesthetics.ch\/index.php?rest_route=\/wp\/v2\/pages\/152","targetHints":{"allow":["GET"]}}],"collection":[{"href":"https:\/\/beautyesthetics.ch\/index.php?rest_route=\/wp\/v2\/pages"}],"about":[{"href":"https:\/\/beautyesthetics.ch\/index.php?rest_route=\/wp\/v2\/types\/page"}],"author":[{"embeddable":true,"href":"https:\/\/beautyesthetics.ch\/index.php?rest_route=\/wp\/v2\/users\/1"}],"replies":[{"embeddable":true,"href":"https:\/\/beautyesthetics.ch\/index.php?rest_route=%2Fwp%2Fv2%2Fcomments&post=152"}],"version-history":[{"count":4,"href":"https:\/\/beautyesthetics.ch\/index.php?rest_route=\/wp\/v2\/pages\/152\/revisions"}],"predecessor-version":[{"id":359,"href":"https:\/\/beautyesthetics.ch\/index.php?rest_route=\/wp\/v2\/pages\/152\/revisions\/359"}],"wp:attachment":[{"href":"https:\/\/beautyesthetics.ch\/index.php?rest_route=%2Fwp%2Fv2%2Fmedia&parent=152"}],"curies":[{"name":"wp","href":"https:\/\/api.w.org\/{rel}","templated":true}]}}